*w - 3*b. Suppose 2*y = 50 + w. What is the tens digit of y?
2
Let d be (-69)/(-2 - (-12)/4). Let f = -18 - d. What is the tens digit of f?
5
Let p(d) = 48*d**2 - 9*d + 26. What is the hundreds digit of p(4)?
7
Let t = -738 - -1448. What is the units digit of t?
0
Let d(c) be the second derivative of -c**5/40 + 5*c**4/12 + c**3/3 + 11*c. Let l(u) be the second derivative of d(u). What is the units digit of l(-11)?
3
Let j(h) = 4*h - 1 + 0 - 7*h. Let v be j(-1). Suppose 2*b + v*u = b + 72, 4*b = -u + 267. What is the tens digit of b?
6
Suppose -10 = -2*h + 498. What is the hundreds digit of h?
2
What is the thousands digit of (3/(-6)*-2)/(39/174603)?
4
Let w(m) = -72*m - 43. What is the units digit of w(-8)?
3
Let f(t) = t**3 + 10*t**2 + 7*t - 13. Suppose 7*a = -45 - 18. Let l be f(a). Suppose -l*c = -c - 8. What is the units digit of c?
2
Let z(y) be the third derivative of -35*y**4/24 - y**2. Let u(j) = j**2 - 13*j + 41. Let b be u(7). What is the tens digit of z(b)?
3
Suppose 3*d + 2*d = -4*q - 179, 35 = -q + 2*d. Let x = 1 - q. What is the tens digit of x?
4
Let k be 154/(-33)*12/(-14). Let t = 19 - k. What is the tens digit of t?
1
Let j be (-2 + (-180)/8)*(-6)/(-1). Let f = j - -289. What is the hundreds digit of f?
1
Suppose -4*b + 428 = -2*n, 15*b - 12*b - 331 = -n. What is the tens digit of b?
0
Let s(d) = -19*d + 514. What is the tens digit of s(0)?
1
Let p be -7*((-3)/4)/(84/48). Suppose 52 = -p*g + 82. What is the units digit of g?
0
Let q(k) = -1 + 0*k**2 - 27*k**2 + 66*k**2 + 2 - 3*k. What is the tens digit of q(2)?
5
Suppose -3*y = -11*y + 4840. What is the hundreds digit of y?
6
Let i = 293 + 328. What is the hundreds digit of i?
6
Let g = -712 + 1179. What is the units digit of g?
7
Suppose 0 = 5*f - 4*c + 14, 4 = -2*f - 3*c - 20. Let g(y) = 133*y + 399. Let z(h) = -7*h - 21. Let o(s) = -3*g(s) - 56*z(s). What is the units digit of o(f)?
1
Let g = 20 - 91. Let y = -25 - g. What is the units digit of y?
6
What is the tens digit of (-9 - -1757) + (-19 - -6)?
3
Let l = 110 + -229. Let a = l + 398. What is the units digit of a?
9
Let z be (-4 + -11)*4/(-6). What is the units digit of -10*((-28)/z + 2)?
8
What is the hundreds digit of 8276/5 - 16/(-120)*6?
6
Let w be 1*((-84)/(-4) + 0). Suppose 6*a - w = 15. What is the tens digit of (3 + 15/10)*a?
2
Suppose -3*l + 4612 = 3*j - 7*l, -6 = -3*l. What is the units digit of j?
0
Suppose 17*v - 4615 = 14*v - 5*l, -4*l - 7630 = -5*v. What is the thousands digit of v?
1
Suppose -3*n + t + 9 = 0, 0 = n - 4*t + 2 + 6. Suppose -6*b - n = -2*b. Let s = 43 + b. What is the units digit of s?
2
Suppose j - 2 - 3 = 0. Let c(m) = m**2 - 3*m - 6. Let l be c(j). Suppose 2*d - 42 = s, l*d + 0*d = -2*s + 68. What is the tens digit of d?
1
Suppose 5*p - 2731 = 3*f, 2*p + 5*f - 1102 = 3*f. What is the hundreds digit of p?
5
Let m(a) = a**3 - 5*a**2 - 5*a + 5. Let l be (-3)/((-6)/14) + -1. Let u be m(l). Suppose 2 = -3*f + u. What is the units digit of f?
3
Let d be ((3 + 13)/(-4))/(-2). Suppose a - 6*a + d*g = -60, 5*g - 81 = -4*a. What is the units digit of a?
4
Let d = -72 + 410. What is the units digit of d?
8
Let t(n) = 10*n**2 - n - 5. Let v be t(6). Suppose 6*o = 35 + v. What is the units digit of o?
4
Suppose -45 = -2*q - q. Let g = 0 + q. What is the tens digit of g?
1
Let g(l) = -l**3 + 5*l**2 + 5. Let d = 33 - 16. Suppose d - 13 = m. What is the tens digit of g(m)?
2
Let w(r) = -7*r**3 - r**2 + 1. Let q be w(1). Let d be (4/q)/(12/(-42)). Suppose c = -d*c + 21. What is the units digit of c?
7
Suppose 4*o = 3*o + 3. Suppose 231 = o*k + 3. What is the units digit of k?
6
Let a(c) be the second derivative of c**5/20 + c**4/2 + c**3/2 + 7*c**2/2 + c. Let p be (-36)/7 + 1/7. What is the units digit of a(p)?
7
Let q(v) = 48*v**2 - 20*v - 11. What is the units digit of q(9)?
7
Suppose -b = -j - 1 + 3, -j = -3*b - 2. Let i = b + 16. Suppose -p + i + 23 = 0. What is the units digit of p?
9
Suppose -4 - 36 = 5*d. Let c(w) = w**3 + 18*w**2 - 4*w - 45. Let o be c(-18). Let f = d + o. What is the units digit of f?
9
Suppose -5*w - 5*h + 2180 = 0, -2*h + 5*h = -w + 442. What is the tens digit of w?
3
Let h be 4/((-1)/1) + 1. Let q be ((-8)/(-6) - 1) + 76/(-3). What is the tens digit of (h + q)*15/(-12)?
3
Let g be -33 - 4/(-3)*(-6)/(-4). Let o = g - -34. What is the units digit of o?
3
What is the units digit of 5/((-350)/(-120))*2975?
0
Suppose g - 3*g + 5*m = -558, -5*g - 5*m + 1360 = 0. What is the tens digit of g?
7
Suppose -5*k = -93 + 3. Suppose p - c = -0*p, -2*c = 4*p - k. Suppose -p*b - 2*b = -100. What is the tens digit of b?
2
Suppose 0 = -3*m - 2*u + 27, 3*m = m - 3*u + 23. Suppose 5*l - 12 = -m*l. What is the units digit of l?
1
Suppose -10990 + 4070 = -4*n. What is the units digit of n?
0
Suppose -2*q + q - 4*w + 18 = 0, -4*q - 3*w = -59. Suppose q = 2*a - 152. What is the units digit of a?
3
Let o = -17 - -20. Suppose -o*w = -6 - 9. Suppose -w*c + 51 = 11. What is the units digit of c?
8
Let o = 8796 + -6045. What is the tens digit of o?
5
Let g be (91/(-2))/((-4)/8). Suppose g = 2*a - 65. What is the tens digit of a?
7
What is the tens digit of (-28)/98 - (-81648)/49?
6
What is the hundreds digit of 137/((1/(-2))/(12/(-8)))?
4
Let x(j) = -597*j - 10. Let r be x(-2). Suppose 0 = -5*m + 9*m - r. What is the tens digit of m?
9
Let f = 2852 - 1791. What is the tens digit of f?
6
Let d(z) = 13*z + 3*z - 14*z. What is the units digit of d(1)?
2
Let a = -6 - -8. Let r(d) = -19*d - a*d - 7*d. What is the tens digit of r(-1)?
2
Let y = 736 - 331. What is the hundreds digit of y?
4
Let z = 616 + 800. What is the hundreds digit of z?
4
Suppose -42*c = -24*c - 8784. What is the units digit of c?
8
Let g = -9 - -14. Suppose -j = i - g, 5 = -5*j - 10. What is the units digit of i?
8
Let t be (-3)/(0/(-1) - 1). Let x = t - -2. Suppose -12 = x*b - 37. What is the units digit of b?
5
Let s(a) = 3*a**2 + a - 12. Let y be s(-6). Suppose 168 = 6*c - y. What is the tens digit of c?
4
Let h be 6*(4 + -2)/6. Suppose -76 = -13*o + 15. Suppose -2*v = 5*t - 99, -3*t - 72 = -o*t + h*v. What is the units digit of t?
9
Let x = -7 + 15. Suppose -3*j + 3*m - 3 = 0, 5*j = -2*m + 10 + 20. What is the units digit of j*(78/x + 0)?
9
What is the units digit of (-8)/60 + (-122)/(-15)?
8
Let z = 168 - 47. Let c = z - 79. What is the tens digit of c?
4
Let v(k) be the first derivative of -k**3/3 + 13*k**2/2 + 48*k - 6. What is the units digit of v(12)?
0
Suppose 0 = -22*w + 5*w + 34714. What is the units digit of w?
2
Let v = 622 - -1645. What is the hundreds digit of v?
2
Suppose 0 = 4*v - 5*v. Suppose v = 7*s - 331 - 677. What is the units digit of s?
4
Suppose 15645 + 565 = 10*c. What is the hundreds digit of c?
6
Let f(r) = 11*r - 51. Let d be -1 + 2 - 378/(-21). What is the units digit of f(d)?
8
Let p = 125 + -151. Let s = p - -332. What is the units digit of s?
6
Suppose -78 = -117*d + 114*d. What is the units digit of d?
6
Suppose 5*l = -2*n, -2*l = l + 6. Suppose 0 = 8*s - 1054 + 9118. What is the units digit of 2/n - s/30?
4
Suppose 231 = 25*n - 4544. What is the units digit of n?
1
Let x(l) = 32 + 2*l + 35 - l**3 - 4*l**2 + 3*l**2 - 66. Let z be x(-3). Let v = z - 8. What is the units digit of v?
5
Let f = 418 + 722. What is the units digit of f?
0
Let y(k) = -k**3 - 12*k**2 + 10*k + 35. Let f be y(-13). Let w = 260 + -139. Let r = w - f. What is the tens digit of r?
4
Suppose -8 = c + c. Let u = -2 - c. Suppose -u = -2*w + 50. What is the tens digit of w?
2
Let n(s) = -3*s + 1. Let l be n(-2). Suppose -19*r + 21*r = 2. Suppose 0 = -q - r + l. What is the units digit of q?
6
Suppose 7*u + 57 + 272 = 0. Let f = u - -144. What is the tens digit of f?
9
Let x(y) = 2*y**3 + 10*y**2 - 12*y - 22. What is the hundreds digit of x(6)?
6
Let l(x) = -x**3 - 5*x**2 + 4*x + 3. Let n be l(-6). Suppose -2*h + 7*h - n = 0. Suppose -h*r + 2*r + 14 = 0. What is the tens digit of r?
1
Let c be (-4 - -4 - -3) + 3. Let n(r) = 2*r**2 - 3*r. Let w be n(c). Suppose -6*v = -294 + w. What is the units digit of v?
0
Let i = 40 - 34. What is the units digit of (-3300)/(-14) + i/21?
6
Suppose 3*w = 4*q + 6*w - 2044, -5*w = 2*q - 1036. What is the hundreds digit of q?
5
Let u = 624 + 101. What is the tens digit of u?
2
Suppose 102 = 10*m - 5398